7952 is divided by 21?
14
What is the remainder when 29741 is divided by 214?
209
What is the remainder when 550 is divided by 79?
76
What is the remainder when 2727 is divided by 13?
10
Calculate the remainder when 116 is divided by 10.
6
What is the remainder when 1428 is divided by 87?
36
Calculate the remainder when 149 is divided by 56.
37
Calculate the remainder when 974 is divided by 223.
82
Calculate the remainder when 49 is divided by 26.
23
Calculate the remainder when 474 is divided by 19.
18
Calculate the remainder when 469 is divided by 19.
13
What is the remainder when 207 is divided by 26?
25
Calculate the remainder when 263 is divided by 1.
0
What is the remainder when 847 is divided by 273?
28
What is the remainder when 230 is divided by 7?
6
What is the remainder when 9 is divided by 5?
4
What is the remainder when 822 is divided by 33?
30
Calculate the remainder when 373 is divided by 13.
9
What is the remainder when 168 is divided by 17?
15
Calculate the remainder when 1217 is divided by 1187.
30
What is the remainder when 295 is divided by 10?
5
Calculate the remainder when 26197 is divided by 200.
197
Calculate the remainder when 6898 is divided by 100.
98
What is the remainder when 1487 is divided by 371?
3
What is the remainder when 1261 is divided by 19?
7
What is the remainder when 3176 is divided by 74?
68
What is the remainder when 826 is divided by 122?
94
What is the remainder when 241 is divided by 109?
23
Calculate the remainder when 77 is divided by 32.
13
Calculate the remainder when 4091 is divided by 59.
20
Calculate the remainder when 470 is divided by 132.
74
What is the remainder when 466 is divided by 132?
70
Calculate the remainder when 2667 is divided by 178.
175
Calculate the remainder when 922 is divided by 153.
4
Calculate the remainder when 675 is divided by 14.
3
What is the remainder when 440 is divided by 112?
104
What is the remainder when 65 is divided by 33?
32
What is the remainder when 279 is divided by 18?
9
Calculate the remainder when 936 is divided by 28.
12
What is the remainder when 3123 is divided by 17?
12
Calculate the remainder when 326 is divided by 79.
10
What is the remainder when 102 is divided by 41?
20
Calculate the remainder when 99 is divided by 51.
48
Calculate the remainder when 1292 is divided by 638.
16
What is the remainder when 92 is divided by 14?
8
What is the remainder when 169 is divided by 49?
22
What is the remainder when 199 is divided by 16?
7
Calculate the remainder when 215 is divided by 46.
31
Calculate the remainder when 46137 is divided by 46.
45
What is the remainder when 45 is divided by 11?
1
What is the remainder when 183 is divided by 17?
13
Calculate the remainder when 222 is divided by 100.
22
What is the remainder when 443 is divided by 90?
83
Calculate the remainder when 170 is divided by 4.
2
Calculate the remainder when 613 is divided by 117.
28
What is the remainder when 1051 is divided by 13?
11
Calculate the remainder when 4055 is divided by 26.
25
Calculate the remainder when 234 is divided by 41.
29
What is the remainder when 345 is divided by 44?
37
What is the remainder when 285 is divided by 131?
23
Calculate the remainder when 49 is divided by 16.
1
What is the remainder when 4884 is divided by 52?
48
Calculate the remainder when 247 is divided by 64.
55
Calculate the remainder when 85 is divided by 19.
9
Calculate the remainder when 377 is divided by 123.
8
Calculate the remainder when 21245 is divided by 16.
13
What is the remainder when 10 is divided by 3?
1
Calculate the remainder when 4878 is divided by 20.
18
What is the remainder when 324 is divided by 21?
9
What is the remainder when 712 is divided by 106?
76
What is the remainder when 366 is divided by 23?
21
What is the remainder when 718 is divided by 9?
7
Calculate the remainder when 1729 is divided by 29.
18
Calculate the remainder when 915 is divided by 54.
51
Calculate the remainder when 252 is divided by 55.
32
Calculate the remainder when 269 is divided by 30.
29
What is the remainder when 233 is divided by 47?
45
Calculate the remainder when 1368 is divided by 441.
45
Calculate the remainder when 1932 is divided by 90.
42
What is the remainder when 129 is divided by 115?
14
What is the remainder when 48409 is divided by 163?
161
Calculate the remainder when 504 is divided by 73.
66
What is the remainder when 1725 is divided by 32?
29
Calculate the remainder when 88 is divided by 82.
6
Calculate the remainder when 244 is divided by 74.
22
What is the remainder when 954 is divided by 3?
0
Calculate the remainder when 70 is divided by 47.
23
What is the remainder when 299 is divided by 50?
49
Calculate the remainder when 1266 is divided by 9.
6
What is the remainder when 492 is divided by 163?
3
What is the remainder when 214 is divided by 64?
22
What is the remainder when 271 is divided by 158?
113
What is the remainder when 1257 is divided by 35?
32
What is the remainder when 53 is divided by 18?
17
Calculate the remainder when 1247 is divided by 6.
5
What is the remainder when 403 is divided by 77?
18
Calculate the remainder when 373 is divided by 134.
105
Calculate the remainder when 94 is divided by 78.
16
Calculate the remainder when 299 is divided by 76.
71
What is the remainder when 581 is divided by 564?
17
What is the remainder when 172 is divided by 4?
0
What is the remainder when 4878 is divided by 10?
8
Calculate the remainder when 1087 is divided by 62.
33
What is the remainder when 19871 is divided by 7?
5
What is the remainder when 1007 is divided by 115?
87
What is the remainder when 1969 is divided by 21?
16
What is the remainder when 149 is divided by 37?
1
Calculate the remainder when 166 is divided by 72.
22
Calculate the remainder when 459 is divided by 333.
126
Calculate the remainder when 223 is divided by 55.
3
Calculate the remainder when 36 is divided by 25.
11
What is the remainder when 25 is divided by 22?
3
What is the remainder when 125 is divided by 37?
14
Calculate the remainder when 816 is divided by 82.
78
Calculate the remainder when 2183 is divided by 242.
5
Calculate the remainder when 212 is divided by 170.
42
Calculate the remainder when 16353 is divided by 37.
36
Calculate the remainder when 1116 is divided by 549.
18
Calculate the remainder when 2237 is divided by 111.
17
What is the remainder when 2263 is divided by 23?
9
What is the remainder when 3682 is divided by 26?
16
What is the remainder when 1116 is divided by 60?
36
Calculate the remainder when 334 is divided by 16.
14
What is the remainder when 7306 is divided by 2433?
7
What is the remainder when 7 is divided by 6?
1
Calculate the remainder when 3393 is divided by 1130.
3
What is the remainder when 124 is divided by 8?
4
What is the remainder when 452 is divided by 14?
4
What is the remainder when 1042 is divided by 344?
10
Calculate the remainder when 1512 is divided by 94.
8
Calculate the remainder when 60 is divided by 26.
8
What is the remainder when 858 is divided by 73?
55
What is the remainder when 285 is divided by 118?
49
Calculate the remainder when 111 is divided by 2.
1
Calculate the remainder when 6687 is divided by 6.
3
What is the remainder when 160 is divided by 82?
78
Calculate the remainder when 248 is divided by 132.
116
Calculate the remainder when 217 is divided by 185.
32
What is the remainder when 397 is divided by 35?
12
What is the remainder when 198 is divided by 70?
58
What is the remainder when 69 is divided by 21?
6
What is the remainder when 218 is divided by 134?
84
What is the remainder when 2237 is divided by 7?
4
What is the remainder when 48 is divided by 12?
0
Calculate the remainder when 1557 is divided by 46.
39
What is the remainder when 6319 is divided by 3155?
9
What is the remainder when 8188 is divided by 19?
18
Calculate the remainder when 1332 is divided by 21.
9
Calculate the remainder when 3326 is divided by 45.
41
Calculate the remainder when 49 is divided by 27.
22
What is the remainder when 158 is divided by 15?
8
What is the remainder when 539 is divided by 168?
35
What is the remainder when 5329 is divided by 43?
40
Calculate the remainder when 262 is divided by 51.
7
Calculate the remainder when 461 is divide